{"id":23,"date":"2019-07-01T14:27:13","date_gmt":"2019-07-01T12:27:13","guid":{"rendered":"https:\/\/rgldkus.cluster031.hosting.ovh.net\/Histoire-maritime\/?page_id=23"},"modified":"2022-03-23T11:50:39","modified_gmt":"2022-03-23T10:50:39","slug":"lancienne-jetee-promenade","status":"publish","type":"page","link":"https:\/\/trouville.fr\/Histoire-maritime\/lancienne-jetee-promenade\/","title":{"rendered":"La digue, les restes de la jet\u00e9e-promenade et les Roches noires"},"content":{"rendered":"\n<figure class=\"wp-block-audio\"><audio controls src=\"http:\/\/www.trouville.fr\/mp3\/Histoire-maritime\/fr\/09-L-ancienne-jetee-promenade.mp3\"><\/audio><\/figure>\n\n\n\n<p class=\"has-drop-cap has-very-light-gray-color has-text-color has-background has-medium-font-size\" style=\"background-color:#414d57\">Pour construire de ce c\u00f4t\u00e9 de la plage, il a fallu stabiliser le pied de la falaise et le soustraire \u00e0 l\u2019action d\u00e9vastatrice de la mer par une <strong>digue de briques<\/strong>. Envisag\u00e9e d\u00e8s 1869, sa r\u00e9alisation a pos\u00e9 bien des difficult\u00e9s \u00e0 la soci\u00e9t\u00e9 immobili\u00e8re qui avait obtenu le droit d\u2019endiguement en 1874, et c\u2019est seulement en 1888 qu\u2019elle fut enfin achev\u00e9e.<\/p>\n\n\n\n<p>Aux grandes mar\u00e9es, p\u00e9riode o\u00f9 la mer se retire le plus loin, des piliers m\u00e9talliques d\u00e9couvrent sur l\u2019estran&nbsp;: ce sont les restes d\u2019une <strong>jet\u00e9e-promenade<\/strong> (sorte de pier \u00e0 l\u2019anglaise) longue de 350 m, qui s\u2019enracinait perpendiculairement \u00e0 la digue et dont la fonction premi\u00e8re \u00e9tait de permettre l\u2019accostage des bateaux \u00e0 vapeur qui ont reli\u00e9 quotidiennement Trouville au Havre, de 1850 \u00e0 1940. En 1943 cette grande jet\u00e9e a \u00e9t\u00e9 d\u00e9mont\u00e9e par l\u2019occupant, qui craignait qu\u2019elle soit utilis\u00e9e pour un \u00e9ventuel d\u00e9barquement des Alli\u00e9s.<\/p>\n\n\n\n<p>Au-del\u00e0 de la digue, affleurent les couches g\u00e9ologiques dat\u00e9es de l\u2019\u00e8re secondaire qui constituent le sous-sol des lieux. Rendus particuli\u00e8rement instables par la pr\u00e9sence des \u00ab&nbsp;argiles de Villerville&nbsp;\u00bb, ces terrains s\u2019\u00e9boulent, rendant impossible toute construction et donnant naissance aux \u00ab&nbsp;<strong>Roches noires<\/strong>&nbsp;\u00bb, blocs calcaires couverts d\u2019algues accumul\u00e9s sur l\u2019estran et colonis\u00e9s par les invert\u00e9br\u00e9s marins, bigorneaux, vigneaux et autres patelles. \u00c0 mar\u00e9e basse, c\u2019est le domaine de la <strong>p\u00eache \u00e0 pied<\/strong>.<\/p>\n\n\n\n<figure class=\"wp-block-gallery columns-2 is-cropped wp-block-gallery-1 is-layout-flex wp-block-gallery-is-layout-flex\"><ul class=\"blocks-gallery-grid\"><li class=\"blocks-gallery-item\"><figure><img loading=\"lazy\" decoding=\"async\" width=\"1024\" height=\"778\" src=\"https:\/\/rgldkus.cluster031.hosting.ovh.net\/Histoire-maritime\/wp-content\/uploads\/2019\/07\/La-digue-1-1024x778.jpg\" alt=\"\" data-id=\"354\" data-link=\"https:\/\/rgldkus.cluster031.hosting.ovh.net\/Histoire-maritime\/lancienne-jetee-promenade\/la-digue-1\/\" class=\"wp-image-354\" srcset=\"https:\/\/trouville.fr\/Histoire-maritime\/wp-content\/uploads\/2019\/07\/La-digue-1-1024x778.jpg 1024w, https:\/\/trouville.fr\/Histoire-maritime\/wp-content\/uploads\/2019\/07\/La-digue-1-300x228.jpg 300w, https:\/\/trouville.fr\/Histoire-maritime\/wp-content\/uploads\/2019\/07\/La-digue-1-768x584.jpg 768w, https:\/\/trouville.fr\/Histoire-maritime\/wp-content\/uploads\/2019\/07\/La-digue-1.jpg 2000w\" sizes=\"auto, (max-width: 1024px) 100vw, 1024px\" \/><figcaption class=\"blocks-gallery-item__caption\">Anonyme, Trouville, la jet\u00e9e-promenade.&nbsp;<br> Coll. Mus\u00e9e Villa Montebello.&nbsp; <\/figcaption><\/figure><\/li><li class=\"blocks-gallery-item\"><figure><img loading=\"lazy\" decoding=\"async\" width=\"1024\" height=\"618\" src=\"https:\/\/rgldkus.cluster031.hosting.ovh.net\/Histoire-maritime\/wp-content\/uploads\/2019\/07\/Roches-Noires-1-1024x618.jpg\" alt=\"\" data-id=\"355\" data-link=\"https:\/\/rgldkus.cluster031.hosting.ovh.net\/Histoire-maritime\/lancienne-jetee-promenade\/roches-noires-1\/\" class=\"wp-image-355\" srcset=\"https:\/\/trouville.fr\/Histoire-maritime\/wp-content\/uploads\/2019\/07\/Roches-Noires-1-1024x618.jpg 1024w, https:\/\/trouville.fr\/Histoire-maritime\/wp-content\/uploads\/2019\/07\/Roches-Noires-1-300x181.jpg 300w, https:\/\/trouville.fr\/Histoire-maritime\/wp-content\/uploads\/2019\/07\/Roches-Noires-1-768x464.jpg 768w, https:\/\/trouville.fr\/Histoire-maritime\/wp-content\/uploads\/2019\/07\/Roches-Noires-1.jpg 2000w\" sizes=\"auto, (max-width: 1024px) 100vw, 1024px\" \/><figcaption class=\"blocks-gallery-item__caption\">Anonyme, La plage des Roches noires. Carte postale ancienne. Collection particuli\u00e8re.&nbsp; <\/figcaption><\/figure><\/li><li class=\"blocks-gallery-item\"><figure><img loading=\"lazy\" decoding=\"async\" width=\"1024\" height=\"671\" src=\"https:\/\/rgldkus.cluster031.hosting.ovh.net\/Histoire-maritime\/wp-content\/uploads\/2019\/07\/La-digue-2-1024x671.jpg\" alt=\"\" data-id=\"353\" data-link=\"https:\/\/rgldkus.cluster031.hosting.ovh.net\/Histoire-maritime\/lancienne-jetee-promenade\/la-digue-2\/\" class=\"wp-image-353\" srcset=\"https:\/\/trouville.fr\/Histoire-maritime\/wp-content\/uploads\/2019\/07\/La-digue-2-1024x671.jpg 1024w, https:\/\/trouville.fr\/Histoire-maritime\/wp-content\/uploads\/2019\/07\/La-digue-2-300x197.jpg 300w, https:\/\/trouville.fr\/Histoire-maritime\/wp-content\/uploads\/2019\/07\/La-digue-2-768x503.jpg 768w, https:\/\/trouville.fr\/Histoire-maritime\/wp-content\/uploads\/2019\/07\/La-digue-2.jpg 2000w\" sizes=\"auto, (max-width: 1024px) 100vw, 1024px\" \/><figcaption class=\"blocks-gallery-item__caption\">Anonyme, L\u2019arriv\u00e9e du bateau du Havre sur la jet\u00e9e-promenade, fin XIX\u00e8me &#8211; d\u00e9but XX<sup>\u00e8me<\/sup> si\u00e8cle. Coll. Mus\u00e9e Villa Montebello.&nbsp; <\/figcaption><\/figure><\/li><\/ul><\/figure>\n\n\n\n<p class=\"has-very-light-gray-background-color has-text-color has-background has-large-font-size\" style=\"color:#414d57\">The dam, the path by the pier and the Roches noires<\/p>\n\n\n\n<figure class=\"wp-block-audio\"><audio controls src=\"http:\/\/www.trouville.fr\/mp3\/Histoire-maritime\/en\/09-L-ancienne-jetee-promenade.mp3\"><\/audio><\/figure>\n\n\n\n<p class=\"has-very-light-gray-background-color has-background\">To be able to build on the side of the beach, the base of the cliffs had to be stabilized and protected from the dangers of erosion. Planned since 1869, the dams construction was halted because of issues regarding the real estate company that had bought the land in 1874. The dam was finally built in 1888.<br><br>When the tide is at its most powerful low tide, we are able to see large metal pillars on the foreshore- these are what\u2019s left of the old pier. Measuring 350m, it was perpendicular to the dam. Its primary purpose was to serve as a dock for the steamboats that would frequently travel between Trouville and the Havre from 1850 to 1940. In 1943, the pier was taken down by the Germans who occupied the city, who worried it would be used by the coming allied forces.<br><br>Further along the beach, there are several geological layers that date back to the Mesozoic Era. These layers became relatively unstable because of the clay-like surface from Villerville, the land was impossible to build on. This lead to the naming of the area as the \u201cRoches noires\u201d (black boulders). These are limestone boulders, covered by algae and invertebrates of all kinds.&nbsp;<br><br>At low tide, this area becomes suitable for fishermen.<\/p>\n\n\n\n<figure class=\"wp-block-gallery aligncenter columns-1 is-cropped wp-block-gallery-2 is-layout-flex wp-block-gallery-is-layout-flex\"><ul class=\"blocks-gallery-grid\"><li class=\"blocks-gallery-item\"><figure><img loading=\"lazy\" decoding=\"async\" width=\"1024\" height=\"1024\" src=\"https:\/\/rgldkus.cluster031.hosting.ovh.net\/Histoire-maritime\/wp-content\/uploads\/2019\/07\/plan-1024x1024.jpg\" alt=\"\" data-id=\"327\" data-link=\"https:\/\/rgldkus.cluster031.hosting.ovh.net\/Histoire-maritime\/home\/plan\/\" class=\"wp-image-327\" srcset=\"https:\/\/trouville.fr\/Histoire-maritime\/wp-content\/uploads\/2019\/07\/plan-1024x1024.jpg 1024w, https:\/\/trouville.fr\/Histoire-maritime\/wp-content\/uploads\/2019\/07\/plan-150x150.jpg 150w, https:\/\/trouville.fr\/Histoire-maritime\/wp-content\/uploads\/2019\/07\/plan-300x300.jpg 300w, https:\/\/trouville.fr\/Histoire-maritime\/wp-content\/uploads\/2019\/07\/plan-768x768.jpg 768w, https:\/\/trouville.fr\/Histoire-maritime\/wp-content\/uploads\/2019\/07\/plan.jpg 2000w\" sizes=\"auto, (max-width: 1024px) 100vw, 1024px\" \/><\/figure><\/li><\/ul><\/figure>\n\n\n\n<figure class=\"wp-block-table\"><table><tbody><tr><td><a href=\"https:\/\/trouville.fr\/Histoire-maritime\/la-chapelle-notre-dame-de-pitie\/\">&lt; La Chapelle Notre Dame de Piti\u00e9<\/a><\/td><td class=\"has-text-align-right\" data-align=\"right\"><a href=\"https:\/\/trouville.fr\/Histoire-maritime\/le-semaphore\/\">Le S\u00e9maphore ><\/a><\/td><\/tr><\/tbody><\/table><\/figure>\n\n\n\n<p><\/p>\n","protected":false},"excerpt":{"rendered":"<p>Pour construire de ce c\u00f4t\u00e9 de la plage, il a fallu stabiliser le pied de la falaise et le soustraire \u00e0 l\u2019action d\u00e9vastatrice de la mer par une digue de briques. Envisag\u00e9e d\u00e8s 1869, sa r\u00e9alisation a pos\u00e9 bien des difficult\u00e9s \u00e0 la soci\u00e9t\u00e9 immobili\u00e8re qui avait obtenu le droit d\u2019endiguement en 1874, et c\u2019est [&hellip;]<\/p>\n","protected":false},"author":1,"featured_media":353,"parent":0,"menu_order":10,"comment_status":"closed","ping_status":"closed","template":"","meta":{"footnotes":""},"class_list":["post-23","page","type-page","status-publish","has-post-thumbnail","hentry"],"_links":{"self":[{"href":"https:\/\/trouville.fr\/Histoire-maritime\/wp-json\/wp\/v2\/pages\/23","targetHints":{"allow":["GET"]}}],"collection":[{"href":"https:\/\/trouville.fr\/Histoire-maritime\/wp-json\/wp\/v2\/pages"}],"about":[{"href":"https:\/\/trouville.fr\/Histoire-maritime\/wp-json\/wp\/v2\/types\/page"}],"author":[{"embeddable":true,"href":"https:\/\/trouville.fr\/Histoire-maritime\/wp-json\/wp\/v2\/users\/1"}],"replies":[{"embeddable":true,"href":"https:\/\/trouville.fr\/Histoire-maritime\/wp-json\/wp\/v2\/comments?post=23"}],"version-history":[{"count":15,"href":"https:\/\/trouville.fr\/Histoire-maritime\/wp-json\/wp\/v2\/pages\/23\/revisions"}],"predecessor-version":[{"id":487,"href":"https:\/\/trouville.fr\/Histoire-maritime\/wp-json\/wp\/v2\/pages\/23\/revisions\/487"}],"wp:featuredmedia":[{"embeddable":true,"href":"https:\/\/trouville.fr\/Histoire-maritime\/wp-json\/wp\/v2\/media\/353"}],"wp:attachment":[{"href":"https:\/\/trouville.fr\/Histoire-maritime\/wp-json\/wp\/v2\/media?parent=23"}],"curies":[{"name":"wp","href":"https:\/\/api.w.org\/{rel}","templated":true}]}}

La digue, les restes de la jetée-promenade et les Roches noires

<figure class="wp-block-audio"><audio controls src="http://www.trouville.fr/mp3/Histoire-maritime/fr/09-L-ancienne-jetee-promenade.mp3"></audio></figure>



<p class="has-drop-cap has-very-light-gray-color has-text-color has-background has-medium-font-size" style="background-color:#414d57">Pour construire de ce côté de la plage, il a fallu stabiliser le pied de la falaise et le soustraire à l’action dévastatrice de la mer par une <strong>digue de briques</strong>. Envisagée dès 1869, sa réalisation a posé bien des difficultés à la société immobilière qui avait obtenu le droit d’endiguement en 1874, et c’est seulement en 1888 qu’elle fut enfin achevée.</p>



<p>Aux grandes marées, période où la mer se retire le plus loin, des piliers métalliques découvrent sur l’estran&nbsp;: ce sont les restes d’une <strong>jetée-promenade</strong> (sorte de pier à l’anglaise) longue de 350 m, qui s’enracinait perpendiculairement à la digue et dont la fonction première était de permettre l’accostage des bateaux à vapeur qui ont relié quotidiennement Trouville au Havre, de 1850 à 1940. En 1943 cette grande jetée a été démontée par l’occupant, qui craignait qu’elle soit utilisée pour un éventuel débarquement des Alliés.</p>



<p>Au-delà de la digue, affleurent les couches géologiques datées de l’ère secondaire qui constituent le sous-sol des lieux. Rendus particulièrement instables par la présence des «&nbsp;argiles de Villerville&nbsp;», ces terrains s’éboulent, rendant impossible toute construction et donnant naissance aux «&nbsp;<strong>Roches noires</strong>&nbsp;», blocs calcaires couverts d’algues accumulés sur l’estran et colonisés par les invertébrés marins, bigorneaux, vigneaux et autres patelles. À marée basse, c’est le domaine de la <strong>pêche à pied</strong>.</p>



<figure class="wp-block-gallery columns-2 is-cropped wp-block-gallery-1 is-layout-flex wp-block-gallery-is-layout-flex"><ul class="blocks-gallery-grid"><li class="blocks-gallery-item"><figure><img loading="lazy" decoding="async" width="1024" height="778" src="https://rgldkus.cluster031.hosting.ovh.net/Histoire-maritime/wp-content/uploads/2019/07/La-digue-1-1024x778.jpg" alt="" data-id="354" data-link="https://rgldkus.cluster031.hosting.ovh.net/Histoire-maritime/lancienne-jetee-promenade/la-digue-1/" class="wp-image-354" srcset="https://trouville.fr/Histoire-maritime/wp-content/uploads/2019/07/La-digue-1-1024x778.jpg 1024w, https://trouville.fr/Histoire-maritime/wp-content/uploads/2019/07/La-digue-1-300x228.jpg 300w, https://trouville.fr/Histoire-maritime/wp-content/uploads/2019/07/La-digue-1-768x584.jpg 768w, https://trouville.fr/Histoire-maritime/wp-content/uploads/2019/07/La-digue-1.jpg 2000w" sizes="auto, (max-width: 1024px) 100vw, 1024px" /><figcaption class="blocks-gallery-item__caption">Anonyme, Trouville, la jetée-promenade.&nbsp;<br> Coll. Musée Villa Montebello.&nbsp; </figcaption></figure></li><li class="blocks-gallery-item"><figure><img loading="lazy" decoding="async" width="1024" height="618" src="https://rgldkus.cluster031.hosting.ovh.net/Histoire-maritime/wp-content/uploads/2019/07/Roches-Noires-1-1024x618.jpg" alt="" data-id="355" data-link="https://rgldkus.cluster031.hosting.ovh.net/Histoire-maritime/lancienne-jetee-promenade/roches-noires-1/" class="wp-image-355" srcset="https://trouville.fr/Histoire-maritime/wp-content/uploads/2019/07/Roches-Noires-1-1024x618.jpg 1024w, https://trouville.fr/Histoire-maritime/wp-content/uploads/2019/07/Roches-Noires-1-300x181.jpg 300w, https://trouville.fr/Histoire-maritime/wp-content/uploads/2019/07/Roches-Noires-1-768x464.jpg 768w, https://trouville.fr/Histoire-maritime/wp-content/uploads/2019/07/Roches-Noires-1.jpg 2000w" sizes="auto, (max-width: 1024px) 100vw, 1024px" /><figcaption class="blocks-gallery-item__caption">Anonyme, La plage des Roches noires. Carte postale ancienne. Collection particulière.&nbsp; </figcaption></figure></li><li class="blocks-gallery-item"><figure><img loading="lazy" decoding="async" width="1024" height="671" src="https://rgldkus.cluster031.hosting.ovh.net/Histoire-maritime/wp-content/uploads/2019/07/La-digue-2-1024x671.jpg" alt="" data-id="353" data-link="https://rgldkus.cluster031.hosting.ovh.net/Histoire-maritime/lancienne-jetee-promenade/la-digue-2/" class="wp-image-353" srcset="https://trouville.fr/Histoire-maritime/wp-content/uploads/2019/07/La-digue-2-1024x671.jpg 1024w, https://trouville.fr/Histoire-maritime/wp-content/uploads/2019/07/La-digue-2-300x197.jpg 300w, https://trouville.fr/Histoire-maritime/wp-content/uploads/2019/07/La-digue-2-768x503.jpg 768w, https://trouville.fr/Histoire-maritime/wp-content/uploads/2019/07/La-digue-2.jpg 2000w" sizes="auto, (max-width: 1024px) 100vw, 1024px" /><figcaption class="blocks-gallery-item__caption">Anonyme, L’arrivée du bateau du Havre sur la jetée-promenade, fin XIXème &#8211; début XX<sup>ème</sup> siècle. Coll. Musée Villa Montebello.&nbsp; </figcaption></figure></li></ul></figure>



<p class="has-very-light-gray-background-color has-text-color has-background has-large-font-size" style="color:#414d57">The dam, the path by the pier and the Roches noires</p>



<figure class="wp-block-audio"><audio controls src="http://www.trouville.fr/mp3/Histoire-maritime/en/09-L-ancienne-jetee-promenade.mp3"></audio></figure>



<p class="has-very-light-gray-background-color has-background">To be able to build on the side of the beach, the base of the cliffs had to be stabilized and protected from the dangers of erosion. Planned since 1869, the dams construction was halted because of issues regarding the real estate company that had bought the land in 1874. The dam was finally built in 1888.<br><br>When the tide is at its most powerful low tide, we are able to see large metal pillars on the foreshore- these are what’s left of the old pier. Measuring 350m, it was perpendicular to the dam. Its primary purpose was to serve as a dock for the steamboats that would frequently travel between Trouville and the Havre from 1850 to 1940. In 1943, the pier was taken down by the Germans who occupied the city, who worried it would be used by the coming allied forces.<br><br>Further along the beach, there are several geological layers that date back to the Mesozoic Era. These layers became relatively unstable because of the clay-like surface from Villerville, the land was impossible to build on. This lead to the naming of the area as the “Roches noires” (black boulders). These are limestone boulders, covered by algae and invertebrates of all kinds.&nbsp;<br><br>At low tide, this area becomes suitable for fishermen.</p>



<figure class="wp-block-gallery aligncenter columns-1 is-cropped wp-block-gallery-2 is-layout-flex wp-block-gallery-is-layout-flex"><ul class="blocks-gallery-grid"><li class="blocks-gallery-item"><figure><img loading="lazy" decoding="async" width="1024" height="1024" src="https://rgldkus.cluster031.hosting.ovh.net/Histoire-maritime/wp-content/uploads/2019/07/plan-1024x1024.jpg" alt="" data-id="327" data-link="https://rgldkus.cluster031.hosting.ovh.net/Histoire-maritime/home/plan/" class="wp-image-327" srcset="https://trouville.fr/Histoire-maritime/wp-content/uploads/2019/07/plan-1024x1024.jpg 1024w, https://trouville.fr/Histoire-maritime/wp-content/uploads/2019/07/plan-150x150.jpg 150w, https://trouville.fr/Histoire-maritime/wp-content/uploads/2019/07/plan-300x300.jpg 300w, https://trouville.fr/Histoire-maritime/wp-content/uploads/2019/07/plan-768x768.jpg 768w, https://trouville.fr/Histoire-maritime/wp-content/uploads/2019/07/plan.jpg 2000w" sizes="auto, (max-width: 1024px) 100vw, 1024px" /></figure></li></ul></figure>



<figure class="wp-block-table"><table><tbody><tr><td><a href="https://trouville.fr/Histoire-maritime/la-chapelle-notre-dame-de-pitie/">&lt; La Chapelle Notre Dame de Pitié</a></td><td class="has-text-align-right" data-align="right"><a href="https://trouville.fr/Histoire-maritime/le-semaphore/">Le Sémaphore ></a></td></tr></tbody></table></figure>



<p></p>

<p>Pour construire de ce côté de la plage, il a fallu stabiliser le pied de la falaise et le soustraire à l’action dévastatrice de la mer par une digue de briques. Envisagée dès 1869, sa réalisation a posé bien des difficultés à la société immobilière qui avait obtenu le droit d’endiguement en 1874, et c’est [&hellip;]</p>
