{"id":19,"date":"2019-07-01T14:26:53","date_gmt":"2019-07-01T12:26:53","guid":{"rendered":"https:\/\/rgldkus.cluster031.hosting.ovh.net\/Histoire-maritime\/?page_id=19"},"modified":"2022-03-23T11:50:06","modified_gmt":"2022-03-23T10:50:06","slug":"la-jetee","status":"publish","type":"page","link":"https:\/\/trouville.fr\/Histoire-maritime\/la-jetee\/","title":{"rendered":"La Jet\u00e9e"},"content":{"rendered":"\n<figure class=\"wp-block-audio\"><audio controls src=\"http:\/\/www.trouville.fr\/mp3\/Histoire-maritime\/fr\/07-La-Jetee.mp3\"><\/audio><\/figure>\n\n\n\n<p class=\"has-drop-cap has-very-light-gray-color has-text-color has-background has-medium-font-size\" style=\"background-color:#414d57\">Jadis la Touques allait se jeter quelque trois kilom\u00e8tres plus \u00e0 l\u2019ouest, juste sous le Mont Canisy. Cette orientation face aux vents dominants de l\u2019hiver emp\u00eachait la sortie des barques trouvillaises, obligeant les p\u00eacheurs \u00e0 s\u2019expatrier \u00e0 Dieppe, au Tr\u00e9port ou au Havre pour vendre leurs poissons pendant la mauvaise saison. Pour pallier cette situation, le d\u00e9tournement du cours originel de la Touques vers le Nord fut entrepris entre 1846 et 1849 par le <strong>creusement d\u2019un chenal<\/strong> quasi perpendiculaire \u00e0 la direction initiale.&nbsp;<\/p>\n\n\n\n<p>Ce nouveau chenal fut fix\u00e9 par la construction de deux <strong>estacades de bois<\/strong>, qui permettaient aussi de haler les voiliers vers le large par vent d\u00e9favorable ; l\u2019acc\u00e8s au port devenait possible quelle que soit l\u2019orientation des vents.<\/p>\n\n\n\n<p>Allong\u00e9es \u00e0 plusieurs reprises par la suite, ces premi\u00e8res jet\u00e9es furent d\u00e9truites \u00e0 la fin de la seconde guerre mondiale.&nbsp;<\/p>\n\n\n\n<p>Celle de Deauville fut reconstruite d\u00e8s 1952 ; <strong>la nouvelle jet\u00e9e de Trouville fut inaugur\u00e9e au cours de l\u2019\u00e9t\u00e9 1964<\/strong>.&nbsp;<\/p>\n\n\n\n<p>Depuis 2012, elle perp\u00e9tue la m\u00e9moire de Jean-Claude Brize, maire-adjoint, marin-p\u00eacheur, pr\u00e9sident du syndicat des marins, pr\u00e9sident de la station de sauvetage, etc.<\/p>\n\n\n\n<figure class=\"wp-block-gallery columns-2 is-cropped wp-block-gallery-1 is-layout-flex wp-block-gallery-is-layout-flex\"><ul class=\"blocks-gallery-grid\"><li class=\"blocks-gallery-item\"><figure><img loading=\"lazy\" decoding=\"async\" width=\"1024\" height=\"706\" src=\"https:\/\/rgldkus.cluster031.hosting.ovh.net\/Histoire-maritime\/wp-content\/uploads\/2019\/07\/La-jetee-1-1024x706.jpg\" alt=\"\" data-id=\"347\" data-link=\"https:\/\/rgldkus.cluster031.hosting.ovh.net\/Histoire-maritime\/la-jetee\/la-jetee-1\/\" class=\"wp-image-347\" srcset=\"https:\/\/trouville.fr\/Histoire-maritime\/wp-content\/uploads\/2019\/07\/La-jetee-1-1024x706.jpg 1024w, https:\/\/trouville.fr\/Histoire-maritime\/wp-content\/uploads\/2019\/07\/La-jetee-1-300x207.jpg 300w, https:\/\/trouville.fr\/Histoire-maritime\/wp-content\/uploads\/2019\/07\/La-jetee-1-768x529.jpg 768w, https:\/\/trouville.fr\/Histoire-maritime\/wp-content\/uploads\/2019\/07\/La-jetee-1.jpg 2000w\" sizes=\"auto, (max-width: 1024px) 100vw, 1024px\" \/><figcaption class=\"blocks-gallery-item__caption\">Anonyme, Les jet\u00e9es, entr\u00e9e d\u2019un voilier, vers 1889. Coll. Mus\u00e9e Villa Montebello. <\/figcaption><\/figure><\/li><li class=\"blocks-gallery-item\"><figure><img loading=\"lazy\" decoding=\"async\" width=\"1024\" height=\"751\" src=\"https:\/\/rgldkus.cluster031.hosting.ovh.net\/Histoire-maritime\/wp-content\/uploads\/2019\/07\/La-jetee-2-1024x751.jpg\" alt=\"\" data-id=\"348\" data-link=\"https:\/\/rgldkus.cluster031.hosting.ovh.net\/Histoire-maritime\/la-jetee\/la-jetee-2-2\/\" class=\"wp-image-348\" srcset=\"https:\/\/trouville.fr\/Histoire-maritime\/wp-content\/uploads\/2019\/07\/La-jetee-2-1024x751.jpg 1024w, https:\/\/trouville.fr\/Histoire-maritime\/wp-content\/uploads\/2019\/07\/La-jetee-2-300x220.jpg 300w, https:\/\/trouville.fr\/Histoire-maritime\/wp-content\/uploads\/2019\/07\/La-jetee-2-768x563.jpg 768w, https:\/\/trouville.fr\/Histoire-maritime\/wp-content\/uploads\/2019\/07\/La-jetee-2.jpg 2000w\" sizes=\"auto, (max-width: 1024px) 100vw, 1024px\" \/><figcaption class=\"blocks-gallery-item__caption\">Anonyme, Halage d\u2019un bateau entre les jet\u00e9es. Coll. Mus\u00e9e Villa Montebello. <\/figcaption><\/figure><\/li><li class=\"blocks-gallery-item\"><figure><img loading=\"lazy\" decoding=\"async\" width=\"1024\" height=\"672\" src=\"https:\/\/rgldkus.cluster031.hosting.ovh.net\/Histoire-maritime\/wp-content\/uploads\/2019\/07\/La-jetee-3-1024x672.jpg\" alt=\"\" data-id=\"349\" data-link=\"https:\/\/rgldkus.cluster031.hosting.ovh.net\/Histoire-maritime\/la-jetee\/la-jetee-3\/\" class=\"wp-image-349\" srcset=\"https:\/\/trouville.fr\/Histoire-maritime\/wp-content\/uploads\/2019\/07\/La-jetee-3-1024x672.jpg 1024w, https:\/\/trouville.fr\/Histoire-maritime\/wp-content\/uploads\/2019\/07\/La-jetee-3-300x197.jpg 300w, https:\/\/trouville.fr\/Histoire-maritime\/wp-content\/uploads\/2019\/07\/La-jetee-3-768x504.jpg 768w, https:\/\/trouville.fr\/Histoire-maritime\/wp-content\/uploads\/2019\/07\/La-jetee-3.jpg 2000w\" sizes=\"auto, (max-width: 1024px) 100vw, 1024px\" \/><figcaption class=\"blocks-gallery-item__caption\">Anonyme, Trouville, l\u2019entr\u00e9e du port, vers 1875. Coll. Mus\u00e9e Villa Montebello. <\/figcaption><\/figure><\/li><li class=\"blocks-gallery-item\"><figure><img loading=\"lazy\" decoding=\"async\" width=\"1024\" height=\"623\" src=\"https:\/\/rgldkus.cluster031.hosting.ovh.net\/Histoire-maritime\/wp-content\/uploads\/2019\/07\/La-jetee-4-1024x623.jpg\" alt=\"\" data-id=\"351\" data-link=\"https:\/\/rgldkus.cluster031.hosting.ovh.net\/Histoire-maritime\/la-jetee\/la-jetee-4\/\" class=\"wp-image-351\" srcset=\"https:\/\/trouville.fr\/Histoire-maritime\/wp-content\/uploads\/2019\/07\/La-jetee-4-1024x623.jpg 1024w, https:\/\/trouville.fr\/Histoire-maritime\/wp-content\/uploads\/2019\/07\/La-jetee-4-300x183.jpg 300w, https:\/\/trouville.fr\/Histoire-maritime\/wp-content\/uploads\/2019\/07\/La-jetee-4-768x467.jpg 768w, https:\/\/trouville.fr\/Histoire-maritime\/wp-content\/uploads\/2019\/07\/La-jetee-4.jpg 2000w\" sizes=\"auto, (max-width: 1024px) 100vw, 1024px\" \/><figcaption class=\"blocks-gallery-item__caption\">ND Photo, Sur la jet\u00e9e. Carte postale ancienne. Collection particuli\u00e8re. <\/figcaption><\/figure><\/li><\/ul><\/figure>\n\n\n\n<figure class=\"wp-block-gallery aligncenter columns-1 is-cropped wp-block-gallery-2 is-layout-flex wp-block-gallery-is-layout-flex\"><ul class=\"blocks-gallery-grid\"><li class=\"blocks-gallery-item\"><figure><img loading=\"lazy\" decoding=\"async\" width=\"1024\" height=\"736\" src=\"https:\/\/rgldkus.cluster031.hosting.ovh.net\/Histoire-maritime\/wp-content\/uploads\/2019\/07\/La-jetee-67-1024x736.jpg\" alt=\"\" data-id=\"165\" data-link=\"https:\/\/rgldkus.cluster031.hosting.ovh.net\/Histoire-maritime\/la-jetee\/la-jetee-67\/\" class=\"wp-image-165\" srcset=\"https:\/\/trouville.fr\/Histoire-maritime\/wp-content\/uploads\/2019\/07\/La-jetee-67-1024x736.jpg 1024w, https:\/\/trouville.fr\/Histoire-maritime\/wp-content\/uploads\/2019\/07\/La-jetee-67-300x216.jpg 300w, https:\/\/trouville.fr\/Histoire-maritime\/wp-content\/uploads\/2019\/07\/La-jetee-67-768x552.jpg 768w, https:\/\/trouville.fr\/Histoire-maritime\/wp-content\/uploads\/2019\/07\/La-jetee-67.jpg 2000w\" sizes=\"auto, (max-width: 1024px) 100vw, 1024px\" \/><figcaption class=\"blocks-gallery-item__caption\"> <br> <br> <br> <br>Eug\u00e8ne VILLETTE, L\u2019embouchure de la Touques \u00e0 mar\u00e9e basse, vers 1870. Coll. Mus\u00e9e Villa Montebello.&nbsp; <\/figcaption><\/figure><\/li><\/ul><\/figure>\n\n\n\n<p class=\"has-very-light-gray-background-color has-text-color has-background has-large-font-size\" style=\"color:#414d57\">The pier<\/p>\n\n\n\n<figure class=\"wp-block-audio\"><audio controls src=\"http:\/\/www.trouville.fr\/mp3\/Histoire-maritime\/en\/07-La-Jetee.mp3\"><\/audio><\/figure>\n\n\n\n<p class=\"has-very-light-gray-background-color has-background\">In years past, the Touques emptied into the ocean 3km to the west of where it empties today. This old orientation towards the winds in winter stopped the ships from leaving the harbor, forcing the local fishermen to fish and sell their catch in Dieppe, in Tr\u00e9port or in the Havre. &nbsp;<br><br>To fix this issue, the town decided to redraw the course of the river towards the north from 1846 to 1849 by the digging of a new canal almost perpendicular to the original course. The new canal was finalized with the construction of two wooden piers. The piers would also allow the tow of smaller sailboats when the winds were bad.&nbsp; The docks were now accessible no matter the winds. &nbsp;<br><br>Elongated multiple times since they were installed, the first pier was destroyed at the end of World War II. Deauville\u2019s dams were rebuilt in 1952 while Trouville would have to wait until the summer of 1964. Since 2012, it honor the memory of Jean-Claude Brize, Deputy Mayor, fisherman, president for the fishermen\u2019s association, president for the lifeguard station, etc.&nbsp;<\/p>\n\n\n\n<figure class=\"wp-block-gallery aligncenter columns-1 is-cropped wp-block-gallery-3 is-layout-flex wp-block-gallery-is-layout-flex\"><ul class=\"blocks-gallery-grid\"><li class=\"blocks-gallery-item\"><figure><img loading=\"lazy\" decoding=\"async\" width=\"1024\" height=\"1024\" src=\"https:\/\/rgldkus.cluster031.hosting.ovh.net\/Histoire-maritime\/wp-content\/uploads\/2019\/07\/plan-1024x1024.jpg\" alt=\"\" data-id=\"327\" data-link=\"https:\/\/rgldkus.cluster031.hosting.ovh.net\/Histoire-maritime\/home\/plan\/\" class=\"wp-image-327\" srcset=\"https:\/\/trouville.fr\/Histoire-maritime\/wp-content\/uploads\/2019\/07\/plan-1024x1024.jpg 1024w, https:\/\/trouville.fr\/Histoire-maritime\/wp-content\/uploads\/2019\/07\/plan-150x150.jpg 150w, https:\/\/trouville.fr\/Histoire-maritime\/wp-content\/uploads\/2019\/07\/plan-300x300.jpg 300w, https:\/\/trouville.fr\/Histoire-maritime\/wp-content\/uploads\/2019\/07\/plan-768x768.jpg 768w, https:\/\/trouville.fr\/Histoire-maritime\/wp-content\/uploads\/2019\/07\/plan.jpg 2000w\" sizes=\"auto, (max-width: 1024px) 100vw, 1024px\" \/><\/figure><\/li><\/ul><\/figure>\n\n\n\n<figure class=\"wp-block-table\"><table><tbody><tr><td><a href=\"https:\/\/trouville.fr\/Histoire-maritime\/le-bac\/\">&lt; Le Bac, la passerelle et l\u2019ancienne gare maritime<\/a><\/td><td class=\"has-text-align-right\" data-align=\"right\"><a href=\"https:\/\/trouville.fr\/Histoire-maritime\/la-chapelle-notre-dame-de-pitie\/\">La Chapelle Notre Dame de Piti\u00e9 ><\/a><\/td><\/tr><\/tbody><\/table><\/figure>\n","protected":false},"excerpt":{"rendered":"<p>Jadis la Touques allait se jeter quelque trois kilom\u00e8tres plus \u00e0 l\u2019ouest, juste sous le Mont Canisy. Cette orientation face aux vents dominants de l\u2019hiver emp\u00eachait la sortie des barques trouvillaises, obligeant les p\u00eacheurs \u00e0 s\u2019expatrier \u00e0 Dieppe, au Tr\u00e9port ou au Havre pour vendre leurs poissons pendant la mauvaise saison. Pour pallier cette situation, [&hellip;]<\/p>\n","protected":false},"author":1,"featured_media":347,"parent":0,"menu_order":8,"comment_status":"closed","ping_status":"closed","template":"","meta":{"footnotes":""},"class_list":["post-19","page","type-page","status-publish","has-post-thumbnail","hentry"],"_links":{"self":[{"href":"https:\/\/trouville.fr\/Histoire-maritime\/wp-json\/wp\/v2\/pages\/19","targetHints":{"allow":["GET"]}}],"collection":[{"href":"https:\/\/trouville.fr\/Histoire-maritime\/wp-json\/wp\/v2\/pages"}],"about":[{"href":"https:\/\/trouville.fr\/Histoire-maritime\/wp-json\/wp\/v2\/types\/page"}],"author":[{"embeddable":true,"href":"https:\/\/trouville.fr\/Histoire-maritime\/wp-json\/wp\/v2\/users\/1"}],"replies":[{"embeddable":true,"href":"https:\/\/trouville.fr\/Histoire-maritime\/wp-json\/wp\/v2\/comments?post=19"}],"version-history":[{"count":14,"href":"https:\/\/trouville.fr\/Histoire-maritime\/wp-json\/wp\/v2\/pages\/19\/revisions"}],"predecessor-version":[{"id":486,"href":"https:\/\/trouville.fr\/Histoire-maritime\/wp-json\/wp\/v2\/pages\/19\/revisions\/486"}],"wp:featuredmedia":[{"embeddable":true,"href":"https:\/\/trouville.fr\/Histoire-maritime\/wp-json\/wp\/v2\/media\/347"}],"wp:attachment":[{"href":"https:\/\/trouville.fr\/Histoire-maritime\/wp-json\/wp\/v2\/media?parent=19"}],"curies":[{"name":"wp","href":"https:\/\/api.w.org\/{rel}","templated":true}]}}

La Jetée

<figure class="wp-block-audio"><audio controls src="http://www.trouville.fr/mp3/Histoire-maritime/fr/07-La-Jetee.mp3"></audio></figure>



<p class="has-drop-cap has-very-light-gray-color has-text-color has-background has-medium-font-size" style="background-color:#414d57">Jadis la Touques allait se jeter quelque trois kilomètres plus à l’ouest, juste sous le Mont Canisy. Cette orientation face aux vents dominants de l’hiver empêchait la sortie des barques trouvillaises, obligeant les pêcheurs à s’expatrier à Dieppe, au Tréport ou au Havre pour vendre leurs poissons pendant la mauvaise saison. Pour pallier cette situation, le détournement du cours originel de la Touques vers le Nord fut entrepris entre 1846 et 1849 par le <strong>creusement d’un chenal</strong> quasi perpendiculaire à la direction initiale.&nbsp;</p>



<p>Ce nouveau chenal fut fixé par la construction de deux <strong>estacades de bois</strong>, qui permettaient aussi de haler les voiliers vers le large par vent défavorable ; l’accès au port devenait possible quelle que soit l’orientation des vents.</p>



<p>Allongées à plusieurs reprises par la suite, ces premières jetées furent détruites à la fin de la seconde guerre mondiale.&nbsp;</p>



<p>Celle de Deauville fut reconstruite dès 1952 ; <strong>la nouvelle jetée de Trouville fut inaugurée au cours de l’été 1964</strong>.&nbsp;</p>



<p>Depuis 2012, elle perpétue la mémoire de Jean-Claude Brize, maire-adjoint, marin-pêcheur, président du syndicat des marins, président de la station de sauvetage, etc.</p>



<figure class="wp-block-gallery columns-2 is-cropped wp-block-gallery-1 is-layout-flex wp-block-gallery-is-layout-flex"><ul class="blocks-gallery-grid"><li class="blocks-gallery-item"><figure><img loading="lazy" decoding="async" width="1024" height="706" src="https://rgldkus.cluster031.hosting.ovh.net/Histoire-maritime/wp-content/uploads/2019/07/La-jetee-1-1024x706.jpg" alt="" data-id="347" data-link="https://rgldkus.cluster031.hosting.ovh.net/Histoire-maritime/la-jetee/la-jetee-1/" class="wp-image-347" srcset="https://trouville.fr/Histoire-maritime/wp-content/uploads/2019/07/La-jetee-1-1024x706.jpg 1024w, https://trouville.fr/Histoire-maritime/wp-content/uploads/2019/07/La-jetee-1-300x207.jpg 300w, https://trouville.fr/Histoire-maritime/wp-content/uploads/2019/07/La-jetee-1-768x529.jpg 768w, https://trouville.fr/Histoire-maritime/wp-content/uploads/2019/07/La-jetee-1.jpg 2000w" sizes="auto, (max-width: 1024px) 100vw, 1024px" /><figcaption class="blocks-gallery-item__caption">Anonyme, Les jetées, entrée d’un voilier, vers 1889. Coll. Musée Villa Montebello. </figcaption></figure></li><li class="blocks-gallery-item"><figure><img loading="lazy" decoding="async" width="1024" height="751" src="https://rgldkus.cluster031.hosting.ovh.net/Histoire-maritime/wp-content/uploads/2019/07/La-jetee-2-1024x751.jpg" alt="" data-id="348" data-link="https://rgldkus.cluster031.hosting.ovh.net/Histoire-maritime/la-jetee/la-jetee-2-2/" class="wp-image-348" srcset="https://trouville.fr/Histoire-maritime/wp-content/uploads/2019/07/La-jetee-2-1024x751.jpg 1024w, https://trouville.fr/Histoire-maritime/wp-content/uploads/2019/07/La-jetee-2-300x220.jpg 300w, https://trouville.fr/Histoire-maritime/wp-content/uploads/2019/07/La-jetee-2-768x563.jpg 768w, https://trouville.fr/Histoire-maritime/wp-content/uploads/2019/07/La-jetee-2.jpg 2000w" sizes="auto, (max-width: 1024px) 100vw, 1024px" /><figcaption class="blocks-gallery-item__caption">Anonyme, Halage d’un bateau entre les jetées. Coll. Musée Villa Montebello. </figcaption></figure></li><li class="blocks-gallery-item"><figure><img loading="lazy" decoding="async" width="1024" height="672" src="https://rgldkus.cluster031.hosting.ovh.net/Histoire-maritime/wp-content/uploads/2019/07/La-jetee-3-1024x672.jpg" alt="" data-id="349" data-link="https://rgldkus.cluster031.hosting.ovh.net/Histoire-maritime/la-jetee/la-jetee-3/" class="wp-image-349" srcset="https://trouville.fr/Histoire-maritime/wp-content/uploads/2019/07/La-jetee-3-1024x672.jpg 1024w, https://trouville.fr/Histoire-maritime/wp-content/uploads/2019/07/La-jetee-3-300x197.jpg 300w, https://trouville.fr/Histoire-maritime/wp-content/uploads/2019/07/La-jetee-3-768x504.jpg 768w, https://trouville.fr/Histoire-maritime/wp-content/uploads/2019/07/La-jetee-3.jpg 2000w" sizes="auto, (max-width: 1024px) 100vw, 1024px" /><figcaption class="blocks-gallery-item__caption">Anonyme, Trouville, l’entrée du port, vers 1875. Coll. Musée Villa Montebello. </figcaption></figure></li><li class="blocks-gallery-item"><figure><img loading="lazy" decoding="async" width="1024" height="623" src="https://rgldkus.cluster031.hosting.ovh.net/Histoire-maritime/wp-content/uploads/2019/07/La-jetee-4-1024x623.jpg" alt="" data-id="351" data-link="https://rgldkus.cluster031.hosting.ovh.net/Histoire-maritime/la-jetee/la-jetee-4/" class="wp-image-351" srcset="https://trouville.fr/Histoire-maritime/wp-content/uploads/2019/07/La-jetee-4-1024x623.jpg 1024w, https://trouville.fr/Histoire-maritime/wp-content/uploads/2019/07/La-jetee-4-300x183.jpg 300w, https://trouville.fr/Histoire-maritime/wp-content/uploads/2019/07/La-jetee-4-768x467.jpg 768w, https://trouville.fr/Histoire-maritime/wp-content/uploads/2019/07/La-jetee-4.jpg 2000w" sizes="auto, (max-width: 1024px) 100vw, 1024px" /><figcaption class="blocks-gallery-item__caption">ND Photo, Sur la jetée. Carte postale ancienne. Collection particulière. </figcaption></figure></li></ul></figure>



<figure class="wp-block-gallery aligncenter columns-1 is-cropped wp-block-gallery-2 is-layout-flex wp-block-gallery-is-layout-flex"><ul class="blocks-gallery-grid"><li class="blocks-gallery-item"><figure><img loading="lazy" decoding="async" width="1024" height="736" src="https://rgldkus.cluster031.hosting.ovh.net/Histoire-maritime/wp-content/uploads/2019/07/La-jetee-67-1024x736.jpg" alt="" data-id="165" data-link="https://rgldkus.cluster031.hosting.ovh.net/Histoire-maritime/la-jetee/la-jetee-67/" class="wp-image-165" srcset="https://trouville.fr/Histoire-maritime/wp-content/uploads/2019/07/La-jetee-67-1024x736.jpg 1024w, https://trouville.fr/Histoire-maritime/wp-content/uploads/2019/07/La-jetee-67-300x216.jpg 300w, https://trouville.fr/Histoire-maritime/wp-content/uploads/2019/07/La-jetee-67-768x552.jpg 768w, https://trouville.fr/Histoire-maritime/wp-content/uploads/2019/07/La-jetee-67.jpg 2000w" sizes="auto, (max-width: 1024px) 100vw, 1024px" /><figcaption class="blocks-gallery-item__caption"> <br> <br> <br> <br>Eugène VILLETTE, L’embouchure de la Touques à marée basse, vers 1870. Coll. Musée Villa Montebello.&nbsp; </figcaption></figure></li></ul></figure>



<p class="has-very-light-gray-background-color has-text-color has-background has-large-font-size" style="color:#414d57">The pier</p>



<figure class="wp-block-audio"><audio controls src="http://www.trouville.fr/mp3/Histoire-maritime/en/07-La-Jetee.mp3"></audio></figure>



<p class="has-very-light-gray-background-color has-background">In years past, the Touques emptied into the ocean 3km to the west of where it empties today. This old orientation towards the winds in winter stopped the ships from leaving the harbor, forcing the local fishermen to fish and sell their catch in Dieppe, in Tréport or in the Havre. &nbsp;<br><br>To fix this issue, the town decided to redraw the course of the river towards the north from 1846 to 1849 by the digging of a new canal almost perpendicular to the original course. The new canal was finalized with the construction of two wooden piers. The piers would also allow the tow of smaller sailboats when the winds were bad.&nbsp; The docks were now accessible no matter the winds. &nbsp;<br><br>Elongated multiple times since they were installed, the first pier was destroyed at the end of World War II. Deauville’s dams were rebuilt in 1952 while Trouville would have to wait until the summer of 1964. Since 2012, it honor the memory of Jean-Claude Brize, Deputy Mayor, fisherman, president for the fishermen’s association, president for the lifeguard station, etc.&nbsp;</p>



<figure class="wp-block-gallery aligncenter columns-1 is-cropped wp-block-gallery-3 is-layout-flex wp-block-gallery-is-layout-flex"><ul class="blocks-gallery-grid"><li class="blocks-gallery-item"><figure><img loading="lazy" decoding="async" width="1024" height="1024" src="https://rgldkus.cluster031.hosting.ovh.net/Histoire-maritime/wp-content/uploads/2019/07/plan-1024x1024.jpg" alt="" data-id="327" data-link="https://rgldkus.cluster031.hosting.ovh.net/Histoire-maritime/home/plan/" class="wp-image-327" srcset="https://trouville.fr/Histoire-maritime/wp-content/uploads/2019/07/plan-1024x1024.jpg 1024w, https://trouville.fr/Histoire-maritime/wp-content/uploads/2019/07/plan-150x150.jpg 150w, https://trouville.fr/Histoire-maritime/wp-content/uploads/2019/07/plan-300x300.jpg 300w, https://trouville.fr/Histoire-maritime/wp-content/uploads/2019/07/plan-768x768.jpg 768w, https://trouville.fr/Histoire-maritime/wp-content/uploads/2019/07/plan.jpg 2000w" sizes="auto, (max-width: 1024px) 100vw, 1024px" /></figure></li></ul></figure>



<figure class="wp-block-table"><table><tbody><tr><td><a href="https://trouville.fr/Histoire-maritime/le-bac/">&lt; Le Bac, la passerelle et l’ancienne gare maritime</a></td><td class="has-text-align-right" data-align="right"><a href="https://trouville.fr/Histoire-maritime/la-chapelle-notre-dame-de-pitie/">La Chapelle Notre Dame de Pitié ></a></td></tr></tbody></table></figure>

<p>Jadis la Touques allait se jeter quelque trois kilomètres plus à l’ouest, juste sous le Mont Canisy. Cette orientation face aux vents dominants de l’hiver empêchait la sortie des barques trouvillaises, obligeant les pêcheurs à s’expatrier à Dieppe, au Tréport ou au Havre pour vendre leurs poissons pendant la mauvaise saison. Pour pallier cette situation, [&hellip;]</p>
